e number?
False
Let k(d) = -48455*d - 1077. Is k(-20) a composite number?
True
Let t(i) = 9*i**2 - 45*i**3 + 5 + 8 + 11*i**3 + 6*i + 4*i. Is t(-6) a composite number?
False
Let c(r) = 106*r**2 + 12*r + 58. Let q = 167 - 173. Is c(q) composite?
True
Is (-17)/((-153)/(-45)) - 32*-1967 prime?
True
Suppose 0*c + 5*d + 11398 = -2*c, -22774 = 4*c - d. Is 6/30 - c/5 prime?
False
Let c(v) = v**2 - 8*v + 12. Let p be c(6). Let t be -5 + 7 + p + (221 - 0). Suppose -2*u + t = 3*k, -4*u + 2*k = -277 - 177. Is u prime?
True
Suppose -14416 = 4*w + 4*g, -14415 = 4*w + 5*g - 0*g. Let u = w - -6100. Is u a composite number?
True
Let a = -131862 + 269903. Is a composite?
False
Is -6 + (376528/28 - 18/42) prime?
True
Let t be 30010/(-3) - (-10)/(-15). Let b be 8/(-20) + t/(-10). Suppose -247 = -o - 4*u, 0 = 4*o + 5*u - u - b. Is o a prime number?
True
Let g(t) = t + 7. Let k be g(-5). Suppose -4*a = -20, 4*z - 1405 - 1674 = 5*a. Suppose z = 2*r + k*j - 340, 5*r = -4*j + 2789. Is r a composite number?
False
Suppose -7*n = -5*n - i - 1969456, 0 = -5*n + i + 4923643. Is n a prime number?
False
Let v(j) = 12219*j**2 + 141*j + 141. Is v(-1) a composite number?
True
Suppose 6*f - 230 = 2800. Suppose 0 = 3*q - 4*j - 7721, q = -3*j + f + 2086. Is q a prime number?
True
Let o(i) = 128*i**2 + 73*i - 19. Let n(a) = 64*a**2 + 39*a - 9. Let b(w) = -11*n(w) + 6*o(w). Is b(14) prime?
False
Suppose p = 4*w + 2*p - 416, 3*w - p = 319. Let n(y) = -2*y - 10*y - 12*y**2 - w + 106 + 2*y**3. Is n(7) a prime number?
False
Let j be 1 - (-1 + (8/4 - 4)). Suppose j*b - 51 = 3*a, -b - 2*b + 34 = 2*a. Suppose 17*h - b*h = 21325. Is h composite?
True
Suppose u - 2 = 3. Suppose 5*l - 6 = -p + 13, -u*p + 35 = 5*l. Suppose -5196 = -p*i + 1048. Is i prime?
False
Suppose 76*x - 258700 - 435313 = 276735. Is x composite?
True
Let d be 2/(-3) + 128/3. Let g be (-5)/(-2)*d/(-35). Is (g - 7/(-2))*1838 composite?
False
Suppose 0 = 118*d - 28498437 + 142832 + 190775. Is d prime?
False
Suppose 3*g + 0*n - 54 = 5*n, 5*n = -5*g + 90. Suppose -24*q = -g*q - 2238. Is q composite?
False
Let p be (-2)/4 + (1209871/26 - -17). Let s = p - 27807. Is s a composite number?
False
Suppose 4*f - 12 = 3*s + 9, 0 = 5*f + 15. Let r(i) = 13*i**2 - 8*i - 10. Is r(s) prime?
False
Let b be ((-26)/(-42) + (-30)/105)*0. Suppose b = -3*o + 3*u + 68871, 2*o - 4*u - 45914 = -3*u. Is o composite?
True
Is 18931 - (2 - -34)/4 composite?
True
Suppose -5*j + 5 = -4*j, 4*f = -2*j + 354. Suppose y - f = 63. Is y prime?
True
Suppose 5*v - 414413 = 3*g, 2*v = 22*g - 23*g + 165752. Is v a composite number?
True
Let z(h) = -244*h**3 + 6*h**2 + 67*h + 343. Is z(-5) a prime number?
False
Suppose -4*z - 9*h + 1722748 = -7*h, 0 = -5*z + h + 2153421. Is z a composite number?
True
Let v = 34 - 28. Suppose -4*m = -10*m + v. Is (27 - 26)*(-11)/(m*-1) prime?
True
Suppose 3064*i = 3074*i - 2467690. Is i a composite number?
False
Let a be -6 + (-160)/(-30)*-4038. Let o = -11429 - a. Is o a composite number?
True
Let j be 2 - -4 - (-44 - -45). Suppose 5*p - j*a = 210220, -168175 = -4*p - 4*a + 7*a. Is p prime?
True
Let a = 101 - 100. Let v be (1 + (-3 - -6))*a. Suppose 2*z - 1178 = -v*p, -4*z - 3*p + 2312 = -6*p. Is z a prime number?
False
Suppose 3160*g = -p + 3155*g + 2916, 11687 = 4*p - 3*g. Is p composite?
True
Let l(w) = 33*w - 11. Let n be (6/(-7))/(3 + 60/(-21)). Let p be (33/n - -4)*(-32)/6. Is l(p) a prime number?
False
Suppose 4 = 7*w - 59. Is (-5)/10*(w + -1) + 1323 a prime number?
True
Suppose -4*x - 3*r = -4281, 0*x + 3*x - 3201 = r. Let m(g) = 209*g - 9. Let z be m(5). Suppose -z - x = -4*n. Is n prime?
False
Suppose 0 = 3*m - 0*m - 27*m. Suppose 2*h - 17716 = r - 2*r, m = -3*r + 6. Is h prime?
False
Is 12670288320/6688 - (-2)/22 prime?
True
Let o = -69840 - -196039. Is o prime?
True
Let m(n) = -61*n + 8. Let c(l) = l**2 + 20*l - 47. Let z be c(-22). Is m(z) a composite number?
False
Let x(q) = -58*q - 40 + 7*q - 10*q - 8*q. Is x(-11) prime?
True
Suppose -10*d + 48 = -8*d. Let z be 7/(224/776)*d/2. Let u = 422 - z. Is u a prime number?
True
Let b(n) = 1507*n**2 + 586*n - 38. Is b(23) a prime number?
True
Let f(p) = -17345*p + 127. Is f(-6) prime?
False
Let k = 1 - -1. Suppose 4*q = -5*m - 15961, 3195 = -m - k*q + 4*q. Let d = -1860 - m. Is d composite?
True
Let h(u) be the second derivative of -5*u**4/6 - 35*u**3/6 - 23*u**2/2 + 8*u. Let g(x) be the first derivative of h(x). Is g(-11) a composite number?
True
Let l be 15/9*3*1. Suppose -l*w - 63 = 4*w. Let d(f) = -f**3 - f**2 + 14*f + 15. Is d(w) composite?
False
Let l = -75 - -77. Suppose 21001 = 12*q - 7*q - r, l*r = q - 4193. Is q a composite number?
False
Let s be 13*7 + (-18)/(-6). Suppose -4*y = 2*j + 238, 6*j - 2*j = -4*y - 248. Let u = s + y. Is u prime?
True
Let d(v) = 38*v**2 + 15*v + 6. Let x be 6/(30/(-65)) + 5. Let j be d(x). Suppose 4*o - 3*o - 5*k - j = 0, 2*k = 6. Is o a composite number?
False
Let o(g) = 8*g**2 - 2*g + 7. Suppose -3*z = t - 17, -5*z - t = 2*t - 35. Suppose 0 = z*i + 13 + 11. Is o(i) a prime number?
True
Suppose 31 = -4*z - 41. Let c(j) = 2*j + 40. Let r be c(z). Suppose -4*a = -5*i + 2*i + 3533, r*a - 5835 = -5*i. Is i composite?
False
Let v = 53 + -51. Suppose v*f - 8080 = -2150. Is f prime?
False
Suppose 7*h = 6299 + 8023. Let z = h + -172. Is z prime?
False
Let g = -452 + 699. Let v be (10/4)/(130/156) + -3 - -3. Suppose 3*w - g = 2*m, v*w = 3*m + 2*m + 235. Is w prime?
False
Suppose 2*x - 4906 = -2*w, 2*w + 464 = -5*x + 5376. Let h = w + 1746. Is h composite?
True
Let m = 57 - 53. Suppose b - 2350 = -r, -4709 = -m*r + 2*r + b. Is r a prime number?
False
Is ((-2156)/(-12) - -6)/(1/3) a prime number?
True
Let n(t) = 5086*t + 96. Let s be n(8). Let g = s - 16805. Is g a prime number?
False
Let z be 240/28 - 8/14. Suppose z*r + 4*r = 6612. Suppose -4919 = -2*q + r. Is q prime?
False
Let p be 13/3 - 2/6. Suppose -5*r + 4*b = -306, -2*r + p*b = -29 - 103. Let x = r - -83. Is x a composite number?
True
Let l(u) = -u**3 + 2*u**2 - 1. Let x be l(2). Let k(h) = 7949*h**2 + 12*h + 12. Is k(x) a prime number?
True
Let z be (382/(-3))/((-2)/(-27)). Let d = -922 - z. Is d composite?
False
Suppose 4*t - 57143 - 357652 - 149017 = 0. Is t prime?
False
Suppose 252893 + 376106 = 3*g + 4*g. Is g prime?
False
Suppose 9*t - 30 = -6*t. Suppose -t*o = d + 3*o - 43964, 0 = -4*d + 2*o + 175746. Is d composite?
True
Let c = 5959 - -40240. Is c composite?
False
Suppose -2*n = 2*m - 579332, 0*m = 2*n + 4*m - 579326. Is n composite?
False
Suppose 4*d = -z + 21, 8*d - 3*z = 6*d + 21. Suppose d*c - 216633 = 40293. Is c a composite number?
False
Is ((-3)/(-2))/((-7)/14) + 30347*22 composite?
False
Let h(z) = z**3 - z**2 - 1. Suppose -2*s = -4*s - 10. Let k(j) = j**3 - 7*j**2 + 8*j - 6. Let y(i) = s*h(i) + k(i). Is y(-5) composite?
False
Suppose -5414500 = -72*p - 817228. Is p a composite number?
True
Let q(r) = 6*r - 4. Let y be q(-6). Suppose -4*o + 5*i + 22 = 14, 4*o = -3*i - 24. Is 14/o*60/y prime?
True
Let c(k) = 108*k**2 - 3*k + 22. Let v be 86/10 + 12/30. Is c(v) composite?
True
Let w(r) = -154*r**3 + 9*r**2 + 18*r. Let m be w(-2). Let z = -1455 + 740. Let x = z + m. Is x a composite number?
True
Suppose 22637*d = 22653*d - 6121168. Is d a composite number?
True
Let v(n) = -8*n**2 + 630*n - 29. Is v(27) prime?
True
Suppose 4*w + 14 = h + h, -5*h + 4*w + 29 = 0. Suppose 4*t = -3*c + 710, 0*c - 2*c + 481 = -h*t. Let l = c - 53. Is l a composite number?
True
Suppose -4634082 - 22503225 = -93*q. Is q composite?
True
Let d = 914 + -1865. Let c = -538 - d. Is c a prime number?
False
Let g = -2307 - -3669. Let j = -323 + g. Is j prime?
True
Suppose -5*g + g + 15 = -3*t, 4*g = 2*t + 10. Is (-6319 + 20)*1/(g + -1) a prime number?
True
Suppose 492 = -g - 2*a, -4*g - a + 0*a - 1982 = 0. Let n = 243 - g. Is n a prime number?
True
Let b(o) be the second derivative of -83*o**3/2 + 59*o**2/2 - o + 28. Is b(-11) prime?
False
Suppose -17*z + 105551 + 21932 = 0. Is z prime?
True
Let x be (-1)/(4/342)*(-26376)/18. Suppose -3*w + 9*w = x. Suppose 8*p + 1913 = w. Is p composite?
False
Let r be (-6)/(-4) - (-6)/12. Suppose -4*b = -5*a - 1360, -3*b - r*a + 1020 = -0*b. Suppose -5*p - b = -f, -f - 7*p + 331 = -3*p. Is f a composite number?
True
Suppose 0 = -7*m + 550085 - 226902. Let v = m - 300